w).
2, 3
Suppose 6*d + 87 - 1143 = 0. Suppose y + 3*y = d. List the prime factors of y.
2, 11
Let c(n) = -129*n + 291. What are the prime factors of c(-2)?
3, 61
Let i(n) = n**3 + 10*n**2 - 12*n + 15. Let m be i(-11). Suppose -m = -3*r + 2*j, 4*j - 54 = -4*r + 14. Let p = 22 - r. List the prime factors of p.
2, 5
Suppose -g - c = -3*g - 526, -2*g - 5*c - 538 = 0. Let t = 442 + g. List the prime factors of t.
2, 89
Suppose 0 = -3*j + 6*j. Suppose -6*o + 3*o + 169 = f, -33 = -o - 5*f. Suppose 2*y + j*y - o = 0. What are the prime factors of y?
29
Suppose -k = c + 5, 5*c = 2*k - 1 - 3. List the prime factors of (47*-1 + -2)/(3/k).
7
Suppose 17 + 63 = -5*v. Let j(q) = q**3 + 15*q**2 - 19*q - 12. What are the prime factors of j(v)?
2, 3
Let p be 1*(-5 - 22/(-6))*12. Let n be (5 - 2)/(3/28). Let m = p + n. What are the prime factors of m?
2, 3
Let t = -33 + 36. Suppose 2*q = w - 62, -t*w = -0*w + q - 186. List the prime factors of w.
2, 31
Suppose 0 = -2*i - 3*a + 17, 3 = 3*a - 6. Suppose -i*x + 7*x - 96 = 0. List the prime factors of x.
2
Suppose 2*j = -27 - 135. Let x = 134 + j. What are the prime factors of x?
53
Let f(l) = 137*l**2 + 13*l - 12. What are the prime factors of f(1)?
2, 3, 23
Let j(g) be the first derivative of 5*g**2/2 - 28*g - 25. List the prime factors of j(7).
7
Let v(w) = 93*w + 123. What are the prime factors of v(9)?
2, 3, 5
List the prime factors of (8 - 9)*5815/(-5).
1163
Suppose -584 = -c - a, -5*c + 1397 + 1535 = -a. List the prime factors of c.
2, 293
Suppose 3 = -3*z, -n + 0*n + 1982 = -5*z. List the prime factors of n.
3, 659
Let q(f) = -347*f + 234. What are the prime factors of q(-16)?
2, 11, 263
Suppose p - p = -2*p. Suppose -3*o = -p*o - 2*k - 545, 5*o - k - 920 = 0. List the prime factors of o.
5, 37
Let z = 278 - 15. What are the prime factors of z?
263
Let n = 23 - 11. Let k be 28/n - 1/3. Suppose -4 = -k*h, 0 = 2*t - t + h - 19. What are the prime factors of t?
17
Let z = 262 + -244. What are the prime factors of z?
2, 3
Suppose 10 = 2*d - 0*d. Suppose 5*z = -2*r + 385, -2*r = r - d*z - 590. What are the prime factors of r?
3, 5, 13
Let g(p) = 5*p**3 - 2*p + p - 6*p**3 - p**2 + 25 + 0*p. Let z be g(0). Let n = z + 15. List the prime factors of n.
2, 5
Suppose -100 = -w - 208. What are the prime factors of (-1)/5 + w/10*-19?
5, 41
Let p(f) = 3*f + 8. Let o(x) = 16*x + 39. Let v(z) = 2*o(z) - 11*p(z). Let l be v(-10). Suppose l = -2*y - 2*y + 88. What are the prime factors of y?
2, 11
Let j be (-2)/(-7) + (-18)/63. Suppose -3*w - 2*b + 42 + 229 = 0, -5*w - 4*b + 453 = j. List the prime factors of w.
89
Let p = 504 - -96. What are the prime factors of p?
2, 3, 5
Let g = 33 + -24. Let r(i) = i**3 + 4*i**2 - 7*i - 6. Let s be r(-5). Suppose 0 = -s*n + 79 + g. What are the prime factors of n?
2, 11
Let d be ((-6)/8)/(1/(-12)). Let r = 15 - d. Suppose -r*u = -4*u - 14. List the prime factors of u.
7
Let m(y) = 3*y**2 + 39*y + 15. Let k be m(-17). Suppose -o + k = 2*o. What are the prime factors of o?
73
Let v = 2165 - 1270. List the prime factors of v.
5, 179
Suppose 5*v = -2*v - 4*v. Let n = 5 + -3. Suppose -f = -2, n*d + 7*f - 3*f - 86 = v. What are the prime factors of d?
3, 13
Suppose 6*o = 27*o - 31248. List the prime factors of o.
2, 3, 31
Let o(b) = -b + 9. Let a be o(9). Suppose 2*c = -2*y + 72, 2*y = -a*y + 2*c + 60. Suppose -2*v = -21 - y. What are the prime factors of v?
3
What are the prime factors of ((-52101)/(-147))/(1/7)?
3, 827
Suppose 19*y - 68585 = -36*y. What are the prime factors of y?
29, 43
Let v = 13 + 272. Let h = v + -90. List the prime factors of h.
3, 5, 13
Suppose -206*q - 1978 = -207*q. List the prime factors of q.
2, 23, 43
Suppose -2*d + 8*d - 30 = 0. Suppose 0 = -4*y - 5*g - 4, -d*g = 4*y - g + 8. Let t = 16 - y. What are the prime factors of t?
2, 11
Suppose -2*a = 5*a - 504. Suppose 2*r = -j + a, -5*j - 26 - 10 = -r. What are the prime factors of r?
2, 3
Let r = -125 + 262. List the prime factors of r.
137
Suppose -4*z = 70 - 46. Let i(m) be the second derivative of m**4/4 + 11*m**3/6 + 10*m**2 + 2*m. What are the prime factors of i(z)?
2, 31
Suppose 0 = -5*g - 5*q + 508 - 68, 2*q - 8 = 0. Suppose 0 = -2*w - 110 + 36. Let b = w + g. What are the prime factors of b?
47
Suppose 3*g - 4*j + j - 9753 = 0, -3*g = 4*j - 9774. List the prime factors of g.
2, 1627
Let s be (-6)/(-12)*(31 + 1). Let u(w) = 2*w**2 - 25*w + 12. Let n be u(12). Suppose 76 = 4*c + 2*p, -c + p + s = -n*c. What are the prime factors of c?
2, 3
Let r = 1950 - 1165. List the prime factors of r.
5, 157
Let g = 10 + -6. Suppose 3*u - g = 5*u. What are the prime factors of 13 + u + (-2)/(-2)?
2, 3
Let a be -3*(-10)/12*(-32)/(-10). Suppose -3*v + a*v = 620. List the prime factors of v.
2, 31
Let f be ((-24)/2)/((-60)/160). List the prime factors of f/6*(-42)/(-4).
2, 7
Let v(z) = -z**2 + 4*z - 4. Let n be v(3). Let q be 4 + -3 - n - 21. Let g = -8 - q. What are the prime factors of g?
11
Let b be ((-2)/(-6))/(2/(-258)). Let n = 139 + b. What are the prime factors of n?
2, 3
Suppose 28*l - 44523 - 13549 = 0. What are the prime factors of l?
2, 17, 61
Let f be 90/(-12)*((-4)/3)/2. List the prime factors of (-2)/f + (-3132)/(-30).
2, 13
Suppose -5*j = 23 - 103. List the prime factors of 1/2*j + 4.
2, 3
Let l(g) = -6*g + 1. Let k be l(-2). Let j be (4/5)/(34/255). Let v = j + k. List the prime factors of v.
19
Let y be (-68)/(-8) + 4/8. What are the prime factors of (0 - 1) + y/((-36)/(-448))?
3, 37
Let l be (-30)/(-40) + ((-3834)/(-8) - -1). Let s = -262 + l. List the prime factors of s.
3, 73
Let m(l) = l + 3*l - l. Suppose -z - 6 + 11 = 0. List the prime factors of m(z).
3, 5
Let i be (-2 - -3)/(4/56). Let k be (-582)/i - 6/14. What are the prime factors of (-18)/k - 11/(-7)?
2
Let x(b) = -1022*b + 104. What are the prime factors of x(-2)?
2, 3, 179
Suppose 7*x = 11*x - 16. Let g(s) = s**2 - 3*s + 9. Let b be g(x). Suppose -b - 23 = -2*c. List the prime factors of c.
2, 3
Let a = -1050 - -2400. List the prime factors of a.
2, 3, 5
Let d be (-8)/3*30/(-20). Suppose -d*h = -5*h - 3. List the prime factors of 1/(5/65) - h.
2
Let q = 12 - 8. Let u be (1 - q) + 3*21. Let v = u - 34. List the prime factors of v.
2, 13
Let m(j) = 14*j**2 + 55*j + 298. List the prime factors of m(-7).
599
Let m = -1541 - -4619. What are the prime factors of m?
2, 3, 19
Suppose -191 - 22 = -i. List the prime factors of i.
3, 71
Let b be 10/15 - (-4)/(-6). Suppose 5*s - 4*n - 50 = b, -3*n + 5 - 2 = 3*s. List the prime factors of s.
2, 3
Let l(r) = -r**3 - 9*r**2 - r - 6. Let u be 2*6*9/(-12). Let g be l(u). Suppose -4 - 15 = -2*t - c, g = -t - 3*c. What are the prime factors of t?
2, 3
Suppose -4*u + 7 = 2*g + g, 5*g - 23 = -u. Suppose 0 = -2*f + g*f - 15. Suppose 2*n = -5 + 3, 2*s + f*n - 45 = 0. List the prime factors of s.
5
Let r be 2/4 + (-5)/10. Suppose 3*j + 5*g - 1 = r, j + g = -3*j + 7. Suppose 0 = -q + j*q - 40. List the prime factors of q.
2, 5
Let h = 10 + -9. Let v be h/2*6 - -114. List the prime factors of 3952/v + (-4)/(-18).
2, 17
Let a be (-2)/9 - 611/(-117). Suppose 0 = -2*y - 2*y + 2*o + 94, -a*y + 5*o = -105. List the prime factors of y.
2, 13
Suppose 0 = 2*k + 6 - 0. Let d(n) = n**3 + 2*n**2 - 3*n + 4. Let l be d(k). Suppose -l*v + 2*a = v - 177, -2*v - 2*a + 82 = 0. List the prime factors of v.
37
Let o(a) = 6*a**2 + 5*a + 22. Let d be o(-7). Let g = d + -175. What are the prime factors of g?
2, 53
Let i(s) = -3*s**3 - 28*s**2 - 5*s - 21. List the prime factors of i(-12).
3, 397
Suppose 32 - 393 = -3*j - 5*i, 2*j + 4*i = 244. Let p = 209 - 129. Let h = j - p. What are the prime factors of h?
2
Let q = -11 - -16. Let x(t) = 2 - t + q*t - 1 - 3*t. List the prime factors of x(4).
5
Let g = -271 + 1154. What are the prime factors of g?
883
Suppose -3*f + 5*t = 5, 3 = 5*t - 17. Suppose -2*u - f*i + 234 = 33, -3*u = 2*i - 318. What are the prime factors of u?
2, 3
What are the prime factors of (240/45)/((-1)/(-126))?
2, 3, 7
Let i be 176/(-10)*(-3)/(-12)*-10. Let w = -31 + i. What are the prime factors of w?
13
Let c(b) be the first derivative of b**2/2 - 2*b + 3. Let y be c(2). What are the prime factors of 3 - (0 + (1 - y))?
2
Suppose 0*r - 3*k = -2*r + 360, -3*r + 2*k = -540. Suppose -3*a = 2*a - r. What are the prime factors